3467 a prime number?
True
Is 139583531 a prime number?
True
Is 2131676047 composite?
True
Is 1183346513 composite?
False
Is 1108523597 prime?
True
Is 1153938463 a composite number?
True
Is 38277903929 composite?
True
Is 11465017737 composite?
True
Is 1346527831 prime?
False
Is 1574238541 prime?
True
Is 1269841283 a composite number?
True
Is 589258661 composite?
False
Is 15584302751 composite?
False
Is 2417442431 prime?
True
Is 472762991 a composite number?
True
Is 23252197 a prime number?
True
Is 8596448137 composite?
False
Is 13041053449 composite?
True
Is 328102269613 a composite number?
True
Is 72902881 a prime number?
False
Is 2747475041 composite?
False
Is 5711422247 a composite number?
False
Is 20529601249 prime?
True
Is 8400045481 a prime number?
True
Is 24352237753 composite?
False
Is 503245243 prime?
True
Is 26640149 a prime number?
True
Is 3435772691 a composite number?
True
Is 12204679789 a composite number?
False
Is 5310182677 a composite number?
False
Is 675535981 prime?
False
Is 165077659 prime?
True
Is 6114716197 a composite number?
False
Is 2157293 a composite number?
False
Is 7629696071 a composite number?
True
Is 27126208141 a composite number?
False
Is 223783621 prime?
False
Is 3862086413 a prime number?
True
Is 421917319 prime?
False
Is 20071568063 a prime number?
True
Is 258067867 composite?
False
Is 2840384201 composite?
False
Is 250795101961 composite?
False
Is 1423378207 composite?
True
Is 1226096731 prime?
False
Is 246507509 a prime number?
True
Is 1115239267 a composite number?
False
Is 1253140613 a prime number?
False
Is 2262974473 a prime number?
False
Is 1422658249 composite?
True
Is 24804460237 prime?
False
Is 34494217313 composite?
False
Is 9357347459 a prime number?
True
Is 30130107459 composite?
True
Is 8017665193 a prime number?
False
Is 2350977911 a prime number?
True
Is 31725648121 a composite number?
False
Is 117865341947 composite?
False
Is 3435010177 composite?
False
Is 155324760377 a prime number?
True
Is 33500886451 a composite number?
False
Is 3320146523 prime?
True
Is 588390287 composite?
True
Is 1449454679 a prime number?
True
Is 57429994238 composite?
True
Is 17914782923 composite?
True
Is 1880740553 a composite number?
False
Is 675791117 a prime number?
True
Is 78367069243 composite?
False
Is 13684114879 a prime number?
True
Is 25528672093 a composite number?
False
Is 222863996009 prime?
False
Is 98336288629 a composite number?
False
Is 231659081 a prime number?
False
Is 13738893403 prime?
True
Is 102972839 a composite number?
False
Is 1006837859 a composite number?
False
Is 144666149 composite?
False
Is 407532533 a composite number?
False
Is 2638469969 a composite number?
False
Is 66896098903 a prime number?
False
Is 101630478111 prime?
False
Is 4972648543 prime?
True
Is 16504331163 composite?
True
Is 1192311457 prime?
True
Is 55564319042 composite?
True
Is 51826406831 prime?
True
Is 28747458281 a composite number?
False
Is 29280817109 composite?
False
Is 4303837619 a composite number?
False
Is 635004129 prime?
False
Is 99206881 a composite number?
True
Is 24933388085 prime?
False
Is 15629366413 composite?
True
Is 850048447 prime?
True
Is 66832651703 a composite number?
False
Is 3234887833 a composite number?
True
Is 219287456177 composite?
False
Is 59983300437 a prime number?
False
Is 19405434211 a prime number?
True
Is 4412920273 composite?
False
Is 894145151 composite?
True
Is 29321228861 prime?
False
Is 106838423 a prime number?
True
Is 4071506609 composite?
False
Is 434567989 composite?
True
Is 1775743963 a prime number?
False
Is 2081624987 prime?
False
Is 7058436821 a composite number?
False
Is 399238511 composite?
True
Is 6748935239 prime?
False
Is 567160471 prime?
True
Is 1516494223 a prime number?
True
Is 25958427277 a prime number?
True
Is 44230408463 a composite number?
False
Is 15304697101 prime?
True
Is 885346481 composite?
True
Is 5433124627 prime?
False
Is 2620313831 composite?
False
Is 159419728031 composite?
True
Is 2645641039 a prime number?
True
Is 1455639583 composite?
True
Is 5789705687 a composite number?
True
Is 5360857781 prime?
True
Is 3488527487 a prime number?
True
Is 2192476151 a composite number?
False
Is 36121924063 a prime number?
True
Is 1702920043 prime?
False
Is 157876307 a prime number?
True
Is 10454370883 prime?
False
Is 2941571753 composite?
False
Is 24131910449 a composite number?
False
Is 24751011767 prime?
True
Is 64761201023 a prime number?
True
Is 4931884879 a composite number?
True
Is 2277150217 a composite number?
False
Is 44438430363 a composite number?
True
Is 5733207409 composite?
False
Is 143609825969 a composite number?
False
Is 3389929369 a composite number?
False
Is 249726541 a prime number?
True
Is 5124894023 a composite number?
True
Is 12856086823 a composite number?
False
Is 1288022531 a composite number?
False
Is 4450254929 a prime number?
True
Is 87088217 prime?
True
Is 7581857317 a prime number?
True
Is 2136449026 a prime number?
False
Is 1258419211 a composite number?
True
Is 227415216037 a prime number?
False
Is 47164198619 prime?
True
Is 22375196315 a composite number?
True
Is 42648289573 prime?
True
Is 3922324267 prime?
False
Is 853739659 prime?
False
Is 4982948855 composite?
True
Is 8211217909 prime?
False
Is 7938580163 composite?
False
Is 1365974723 a prime number?
True
Is 814676857 composite?
False
Is 10243984873 a prime number?
False
Is 2523003359 prime?
True
Is 555694781 prime?
False
Is 193065908051 prime?
True
Is 9758466989 prime?
True
Is 932888953 a prime number?
False
Is 2865672839 prime?
True
Is 2514271943 prime?
False
Is 2293809263 prime?
True
Is 8725936267 composite?
False
Is 113703763 prime?
False
Is 3380928743 a composite number?
True
Is 83404075597 composite?
False
Is 4922714197 composite?
True
Is 752420879 a prime number?
False
Is 11055435787 prime?
False
Is 2054529479 prime?
False
Is 339613917529 composite?
False
Is 10419901021 prime?
True
Is 32099233037 prime?
True
Is 1744202639 a prime number?
True
Is 200848973 a prime number?
False
Is 36369219413 a composite number?
True
Is 985062703 prime?
True
Is 6918728851 a composite number?
False
Is 1753184557 prime?
True
Is 1058463143 a prime number?
False
Is 998269039 a prime number?
False
Is 68495058407 composite?
False
Is 2218225153 a prime number?
False
Is 2958370291 a prime number?
True
Is 25371379723 composite?
False
Is 780283417 a composite number?
True
Is 2881801639 a composite number?
True
Is 1823841553 prime?
True
Is 19021422559 a prime number?
True
Is 49175519881 prime?
True
Is 45435942407 composite?
False
Is 1568337083 prime?
False
Is 1042317299 prime?
False
Is 3339339539 composite?
False
Is 6031560599 a composite number?
True
Is 30875959991 a prime number?
True
Is 6145346531 a prime number?
False
Is 709650937 composite?
False
Is 224943073 a prime number?
True
Is 4051905493 composite?
False
Is 26959225483 a prime number?
True
Is 42811283 a composite number?
True
Is 5179610209 a prime number?
True
Is 184785191 a composite number?
False
Is 990842959 a composite number?
False
Is 549250357 prime?
True
Is 825680571 a prime number?
False
Is 1361661877 a prime number?
False
Is 5000653759 a prime number?
True
Is 1064436533 a composite number?
True
Is 17800102447 composite?
False
Is 7335048163 a composite number?
True
Is 28916949511 a composite number?
True
Is 1421744669 a composite number?
False
Is 274015589 composite?
False
Is 760390597 a composite number?
True
Is 50004893753 a prime number?
True
Is 35014594603 a prime number?
True
Is 4591563289 prime?
False
Is 556402487 composite?
False
Is 181462885 prime?
False
Is 2053062419 prime?
True
Is 37302636281 a prime number?
True
Is 8236566151 a prime number?
False
Is 59798312009 prime?
True
Is 469886411 composite?
True
Is 485297022493 a prime number?
False
Is 20221052087 prime?
False
Is 1574332373 composite?
True
Is 17185142309 a prime number?
False
Is 1644484601 a prime number?
True
Is 23960500301 a prime number?
True
Is 159986531389 a prime number?
False
Is 4449567949 prime?
True
Is 166541640843 prime?
False
Is 3061879181 a prime number?
True
Is 222368959 prime?
False
Is 26040954917 prime?
True
Is 73523183 composite?
False
Is 37623061153 prime?
True
Is 551789311 a prime number?
True
Is 4381846531 prime?
True
Is 9890717813 